{"id":31,"date":"2018-07-31T13:56:43","date_gmt":"2018-07-31T13:56:43","guid":{"rendered":"https:\/\/www.hoteltalisman.ro\/?page_id=31"},"modified":"2023-07-04T12:45:51","modified_gmt":"2023-07-04T12:45:51","slug":"costinesti","status":"publish","type":"page","link":"https:\/\/www.hoteltalisman.ro\/?page_id=31","title":{"rendered":"Costinesti"},"content":{"rendered":"<h3 style=\"text-align: center;\">De ce sa iubesti Costinestiul?<\/h3>\n<p>Bine a\u021bi venit \u00een inima sta\u021biunii Costine\u0219ti, o destina\u021bie plin\u0103 de energie \u0219i bucurie! Situat\u0103 pe litoralul M\u0103rii Negre din Rom\u00e2nia, Costine\u0219ti este un loc \u00eendr\u0103git de turi\u0219ti datorit\u0103 atmosferei sale unice \u0219i a variet\u0103\u021bii de activit\u0103\u021bi pe care le ofer\u0103.<\/p>\n<p>Cu plajele sale nesf\u00e2r\u0219ite de nisip fin \u0219i ape cristaline, Costine\u0219ti este un paradis pentru iubitorii de soare \u0219i mare. V\u0103 pute\u021bi relaxa pe \u0219ezlonguri, v\u0103 pute\u021bi r\u0103cori \u00een valurile m\u0103rii \u0219i pute\u021bi savura b\u0103uturi revigorante la barurile de pe plaj\u0103.<\/p>\n<p>Sta\u021biunea este renumit\u0103 pentru atmosfera sa vibrant\u0103 \u0219i petrecerile pline de via\u021b\u0103 care dureaz\u0103 p\u00e2n\u0103 \u00een zori. Cluburile \u0219i barurile pline de energie v\u0103 a\u0219teapt\u0103 s\u0103 dansa\u021bi \u0219i s\u0103 v\u0103 distra\u021bi \u00een timpul serilor c\u0103lduroase de var\u0103.<\/p>\n<p>Pentru cei care doresc s\u0103 se bucure de aventur\u0103, Costine\u0219ti ofer\u0103 o gam\u0103 larg\u0103 de activit\u0103\u021bi sportive \u0219i recreative. Pute\u021bi practica sporturi nautice precum surfing, kitesurfing sau jet ski, sau pute\u021bi explora \u00eemprejurimile \u00een timpul unor excursii de drume\u021bie sau ciclism.<\/p>\n<p>De asemenea, \u00een Costine\u0219ti ve\u021bi g\u0103si o varietate de restaurante, terase \u0219i magazine, unde pute\u021bi savura preparate culinare delicioase \u0219i pute\u021bi achizi\u021biona suveniruri pentru a v\u0103 aminti de vacan\u021ba dumneavoastr\u0103.<\/p>\n<p>Hotelul nostru este situat strategic \u00een centrul sta\u021biunii, oferindu-v\u0103 acces facil la toate atrac\u021biile \u0219i activit\u0103\u021bile din Costine\u0219ti. Indiferent dac\u0103 sunte\u021bi \u00een c\u0103utarea relax\u0103rii sau aventurii, v\u0103 invit\u0103m s\u0103 experimenta\u021bi farmecul sta\u021biunii \u0219i s\u0103 v\u0103 bucura\u021bi de o vacan\u021b\u0103 de neuitat \u00eentr-un cadru confortabil \u0219i primitoare.<\/p>\n<p>V\u0103 a\u0219tept\u0103m cu bra\u021bele deschise s\u0103 v\u0103 cre\u0103m amintiri de nepre\u021buit \u00eentr-unul dintre cele mai \u00eendr\u0103gite locuri de pe litoralul rom\u00e2nesc &#8211; Costine\u0219ti!<\/p>\n<p>\u00a0<\/p>\n\n\n<figure class=\"wp-block-image size-large\"><img decoding=\"async\" loading=\"lazy\" width=\"1024\" height=\"481\" src=\"https:\/\/www.hoteltalisman.ro\/wp-content\/uploads\/2023\/07\/costinesti-1024x481.jpg\" alt=\"\" class=\"wp-image-2625\" srcset=\"https:\/\/www.hoteltalisman.ro\/wp-content\/uploads\/2023\/07\/costinesti-1024x481.jpg 1024w, https:\/\/www.hoteltalisman.ro\/wp-content\/uploads\/2023\/07\/costinesti-300x141.jpg 300w, https:\/\/www.hoteltalisman.ro\/wp-content\/uploads\/2023\/07\/costinesti-768x361.jpg 768w, https:\/\/www.hoteltalisman.ro\/wp-content\/uploads\/2023\/07\/costinesti.jpg 1200w\" sizes=\"(max-width: 1024px) 100vw, 1024px\" \/><\/figure>\n","protected":false},"excerpt":{"rendered":"<p>De ce sa iubesti Costinestiul? Bine a\u021bi venit \u00een inima sta\u021biunii Costine\u0219ti, o destina\u021bie plin\u0103 de energie \u0219i bucurie! Situat\u0103 pe litoralul M\u0103rii Negre din Rom\u00e2nia, Costine\u0219ti este un loc \u00eendr\u0103git de turi\u0219ti datorit\u0103 atmosferei sale unice \u0219i a variet\u0103\u021bii de activit\u0103\u021bi pe care le ofer\u0103. Cu plajele sale nesf\u00e2r\u0219ite de nisip fin \u0219i ape [&hellip;]<\/p>\n","protected":false},"author":1,"featured_media":0,"parent":0,"menu_order":0,"comment_status":"closed","ping_status":"closed","template":"","meta":[],"_links":{"self":[{"href":"https:\/\/www.hoteltalisman.ro\/index.php?rest_route=\/wp\/v2\/pages\/31"}],"collection":[{"href":"https:\/\/www.hoteltalisman.ro\/index.php?rest_route=\/wp\/v2\/pages"}],"about":[{"href":"https:\/\/www.hoteltalisman.ro\/index.php?rest_route=\/wp\/v2\/types\/page"}],"author":[{"embeddable":true,"href":"https:\/\/www.hoteltalisman.ro\/index.php?rest_route=\/wp\/v2\/users\/1"}],"replies":[{"embeddable":true,"href":"https:\/\/www.hoteltalisman.ro\/index.php?rest_route=%2Fwp%2Fv2%2Fcomments&post=31"}],"version-history":[{"count":4,"href":"https:\/\/www.hoteltalisman.ro\/index.php?rest_route=\/wp\/v2\/pages\/31\/revisions"}],"predecessor-version":[{"id":2638,"href":"https:\/\/www.hoteltalisman.ro\/index.php?rest_route=\/wp\/v2\/pages\/31\/revisions\/2638"}],"wp:attachment":[{"href":"https:\/\/www.hoteltalisman.ro\/index.php?rest_route=%2Fwp%2Fv2%2Fmedia&parent=31"}],"curies":[{"name":"wp","href":"https:\/\/api.w.org\/{rel}","templated":true}]}}